e 9) to base 10.
-386611
Convert b4d24 (base 15) to base 8.
2137626
-28534 (base 14) to base 7
-563664
Convert -300323322 (base 4) to base 3.
-101011221210
421b0 (base 15) to base 3
101122120110
Convert 75643 (base 9) to base 4.
30032301
What is 12000122110 (base 3) in base 11?
68327
What is -110352 (base 11) in base 7?
-1332306
-4e0596 (base 16) to base 8
-23402626
-100001010100010101 (base 2) to base 11
-93593
Convert -327c8 (base 14) to base 8.
-356654
545323 (base 6) to base 12
22243
b53454 (base 12) to base 4
22312333000
-11000302 (base 4) to base 11
-14474
-253274 (base 13) to base 14
-19331d
49c09 (base 13) to base 16
21376
Convert -1c767 (base 13) to base 11.
-39245
What is -1369b25 (base 13) in base 8?
-27313725
What is 3203430 (base 6) in base 13?
56205
What is 632602 (base 9) in base 16?
5bc73
Convert 1011000000011010 (base 2) to base 5.
2420312
What is -1100100100111110 (base 2) in base 5?
-3122033
Convert 1603623 (base 7) to base 10.
219831
-19435 (base 14) to base 13
-23149
Convert 10442321304 (base 5) to base 8.
54441620
What is -10174 (base 13) in base 2?
-111000010011001
What is -101011100000111110010 (base 2) in base 5?
-331112111
Convert 2050025 (base 9) to base 6.
35252422
12122113013 (base 4) to base 2
110011010010111000111
-4130443040 (base 5) to base 16
-80fb1f
Convert -1001000000111010100100 (base 2) to base 3.
-11110001111011
What is 2b0e8 (base 15) in base 14?
38717
What is -4402121 (base 8) in base 9?
-2188617
111011001100010000 (base 2) to base 9
408516
What is 322ab43 (base 12) in base 7?
143612310
-420424024 (base 5) to base 2
-110100111000110010110
What is 155474 (base 9) in base 12?
475aa
1a71775 (base 11) to base 5
1343034233
Convert 110310142 (base 5) to base 7.
4032624
28b32 (base 13) to base 3
10220001222
What is 2110022102021 (base 3) in base 11?
811699
20332211303 (base 4) to base 9
4376375
-12113323203 (base 4) to base 11
-a413a5
Convert -ca09 (base 16) to base 5.
-3123341
-1d1ea (base 15) to base 3
-11211020111
What is -12023003301 (base 4) in base 7?
-16516446
Convert -989375 (base 10) to base 13.
-28843a
What is -40baa (base 12) in base 2?
-10100101010110010
What is -121013031313 (base 4) in base 2?
-11001000111001101110111
Convert -326603 (base 10) to base 6.
-11000015
What is 2179455 (base 10) in base 5?
1024220310
Convert -1644322 (base 7) to base 6.
-4531034
Convert 101111122022 (base 3) to base 7.
1520561
What is 12102000 (base 5) in base 4?
123201232
2401044123 (base 5) to base 2
10100111011101100110101
-15143806 (base 9) to base 14
-ddd7a4
What is -114103220 (base 5) in base 10?
-534810
What is b5e69 (base 16) in base 14?
15574d
What is -a1185 (base 14) in base 8?
-1364221
Convert 100332120101 (base 4) to base 12.
15a7155
Convert -4400035 (base 7) to base 11.
-338105
Convert -3c0eb (base 15) to base 10.
-192596
525a36 (base 12) to base 15
1a8dd9
Convert 60a608 (base 13) to base 11.
12a8027
What is 301000323 (base 4) in base 8?
610073
27452a (base 11) to base 4
1221013112
Convert -2980410 (base 10) to base 5.
-1230333120
What is -12a9736 (base 13) in base 14?
-acd58a
Convert -33063205 (base 7) to base 4.
-22311021022
-1564511 (base 8) to base 9
-760273
-120121020112111 (base 3) to base 4
-133220033230
What is -2022002202212 (base 3) in base 6?
-42111035
What is -729ab5 (base 12) in base 5?
-430103200
-37321333 (base 8) to base 6
-452250535
Convert -37026755 (base 8) to base 13.
-18bc320
Convert -1b805 (base 13) to base 5.
-3212320
-579617 (base 12) to base 2
-101010111001100110011
What is -75535275 (base 8) in base 13?
-3471b61
Convert 57e7c (base 15) to base 16.
445d1
40310333 (base 5) to base 14
857c5
What is -50bab70 (base 12) in base 7?
-243000465
Convert -1001111010101101111100 (base 2) to base 15.
-3654a4
Convert -13431141 (base 5) to base 13.
-4b694
What is -263611 (base 8) in base 5?
-10421131
Convert -1617434 (base 8) to base 6.
-14000420
Convert -223231103312 (base 4) to base 6.
-1045325142
What is 312132032 (base 4) in base 9?
370048
Convert a91b1 (base 12) to base 9.
370137
132311123102 (base 4) to base 10
8083154
What is -113bc6 (base 13) in base 10?
-408466
Convert d86f (base 16) to base 8.
154157
What is 12121412 (base 8) in base 13?
72325b
288611 (base 16) to base 7
31400513
Convert 63a6581 (base 11) to base 16.
abee19
-304412402 (base 5) to base 10
-1247852
-b6536 (base 13) to base 11
-204683
1163083 (base 9) to base 16
9a536
What is -541068 (base 12) in base 8?
-5043420
What is 535649 (base 13) in base 4?
13131012200
Convert 24314300 (base 5) to base 6.
4525405
What is -210021200010 (base 3) in base 5?
-101401220
-8a5dc (base 15) to base 13
-125406
9491b (base 12) to base 4
233210213
-100101001101011011 (base 2) to base 16
-2535b
31212 (base 6) to base 9
5658
What is 3100122 (base 6) in base 8?
440522
Convert -4c76b (base 15) to base 12.
-b9718
312324032 (base 5) to base 16
13b868
What is 110001121210 (base 3) in base 13?
8407b
What is 21434244 (base 6) in base 9?
1178281
Convert 11441623 (base 7) to base 5.
230044203
What is 1046333 (base 7) in base 16?
1f9ca
What is -21226054 (base 7) in base 16?
-1b8bc0
1423310 (base 14) to base 9
20335104
Convert -1417a9 (base 11) to base 15.
-45b42
Convert -19842 (base 10) to base 12.
-b596
Convert b94276 (base 13) to base 3.
22012000202110
36869 (base 12) to base 8
220121
What is -313201003 (base 4) in base 7?
-1634650
5f88b (base 16) to base 11
247aa4
What is -1222549 (base 11) in base 12?
-866589
What is 415465 (base 7) in base 16?
117a3
Convert 103032435 (base 6) to base 9.
3380135
-4a13a (base 12) to base 8
-304076
8cb9d (base 16) to base 5
121421123
Convert -5120106 (base 7) to base 15.
-c0aa9
What is -13c924b (base 13) in base 10?
-6303594
-dcb15 (base 15) to base 2
-10101011001011000000
Convert -144022 (base 11) to base 8.
-667303
What is c6d6 (base 16) in base 3?
2120211021
What is 113233210203 (base 4) in base 16?
5ef923
-140989b (base 13) to base 8
-30121462
Convert -23517812 (base 9) to base 3.
-210120121220102
2b41b9 (base 12) to base 7
6141621
What is -11011110111000110101000 (base 2) in base 11?
-413932a
Convert -211002221110 (base 3) to base 10.
-435171
Convert 413334 (base 5) to base 7.
54430
-98059 (base 13) to base 2
-1000011000100001011
2849088 (base 12) to base 15
a9379e
What is -13062204 (base 8) in base 11?
-17078a3
-3362154 (base 11) to base 14
-ad3d6c
-1210110220 (base 3) to base 6
-431340
-503b9 (base 12) to base 11
-71366
Convert -3304012 (base 5) to base 10.
-56757
-13502323 (base 6) to base 5
-104144324
-3350546 (base 8) to base 13
-259257
What is -12221111021022 (base 3) in base 16?
-3033aa
What is 31312322 (base 5) in base 2?
111111100011110001
What is -b90 (base 12) in base 7?
-4635
What is 2063230 (base 10) in base 3?
10212211012221
What is 48b4a7 (base 12) in base 2?
100100000010011111111
What is 1d8500 (base 15) in base 9?
2643020
20222132 (base 5) to base 15
33912
47b130 (base 12) to base 15
17d913
1915791 (base 14) to base 5
11140023322
What is -16385 (base 9) in base 8?
-25767
Convert 660f61 (base 16) to base 3.
110120211001021
What is 204355 (base 7) in base 10?
35173
Convert -134114545 (base 7) to base 10.
-8726884
Convert 1624ca (base 13) to base 16.
85c37
What is 54663334 (base 7) in base 2?
10001111100100111111000
Convert -5c849c (base 13) to base 16.
-21d66a
What is 6aa613 (base 12) in base 16?
1a38ef
Convert ad7240 (base 15) to base 6.
453214510
b1493 (base 14) to base 10
426233
-113223130 (base 5) to base 9
-877141
-12022122201 (base 3) to base 6
-2124501
What is -121102120020222 (base 3) in base 8?
-41234104
What is 111000011000010101011011 (base 2) in base 10?
14779739
Convert -114441355 (base 7) to base 14.
-d3a99c
-665a41 (base 15) to base 6
-252324454
-3231101223 (base 4) to base 9
-1741150
Convert -9518b (base 12) to base 4.
-233232323
Convert 53435324 (base 7) to base 8.
21260635
Convert -331352 (base 8) to base 5.
-12030323
What is -388468 (base 9) in base 2?
-111001100101001101
-379007 (base 11) to base 16
-91e7a
What is 139d9 (base 14) in base 16?
bddb
Convert -10021140 (base 5) to base 9.
-131103
Convert 43fa (base 16) to base 10.
17402
Convert 417071 (base 11) to base 15.
d2ee5
What is -21a730 (base 12) in base 8?
-2030224
44ba6c (base 15) to base 6
154142433
24122213 (base 6) t